Let i be d(2). Suppose m*u - 6 + i = 0. List the prime factors of u.
2
Let r(x) = -x**2 + 8*x - 2 + 2. List the prime factors of r(6).
2, 3
Let y(s) = s**3 - 6*s**2 - 2*s + 2. Let t be 1/((-1)/(-7)*1). List the prime factors of y(t).
37
Let j = 335 + -158. What are the prime factors of j?
3, 59
List the prime factors of (14/(-28))/(2/(-264)).
2, 3, 11
Let s(g) = -119*g**3 + 2*g + 1. List the prime factors of s(-1).
2, 59
Suppose 4*u - 14 - 6 = 0, -4*u + 5 = -3*y. Let q(a) = a**3 + 3*a**2 + a + 1. Let n be q(-2). Suppose 16 = -n*g + y*g. List the prime factors of g.
2
Suppose -3*f + 39 = -0*f. Let v(i) = i**2 - 10*i - 17. What are the prime factors of v(f)?
2, 11
Let f(p) = p**3 - 8*p**2 + 7*p + 3. Suppose 13 = 3*q - 8. What are the prime factors of f(q)?
3
What are the prime factors of 3600/70 + (-6)/14?
3, 17
Let j be 1*(2 - 4) - -4. Let i(g) = 1 - 2*g + 0 - 2 + g**j. List the prime factors of i(-1).
2
Let w be 1/(1 - 2) + 269. Suppose 5*k = 25, -3*s + k + 2*k = 3. What are the prime factors of s/(-10) + w/20?
13
Suppose 0 = -v + 2 - 0. Suppose -2*f - f - 5*q + 29 = 0, 5*q + 36 = 2*f. Suppose 5*x + 4*o - 9 = 0, -3*x - v*x - 3*o + f = 0. What are the prime factors of x?
5
Let t(s) = -s**2 - 13*s + 10. Let i be t(-10). Suppose g - i = -3*g. List the prime factors of g.
2, 5
Let z = -23 + 33. What are the prime factors of z?
2, 5
Suppose -3*y + 20 = 2*b, -b = -5*y - 4*b + 33. Suppose y = 5*l - 4. What are the prime factors of l?
2
Suppose g + 3*c + 13 = 0, -5*g + 0*g + 2*c + 20 = 0. Let b(i) = 2*i**2 - 4*i + 3. What are the prime factors of b(g)?
3
Let s(z) be the first derivative of z**2 - 3*z - 3. Let j be s(4). Suppose 0 = -j*k + 57 + 18. List the prime factors of k.
3, 5
Suppose 3*g = -4*b + 89, 2*g + 3*b - 66 = -b. List the prime factors of g.
23
Let s(n) = -n**2 + 40*n + 13. List the prime factors of s(11).
2, 83
Suppose -5*h + 63 - 23 = 0. Let k = 13 - h. Suppose 2*s + 15 = k*s. What are the prime factors of s?
5
Let d(v) = 5*v + 2. Let w = 8 + -5. Suppose 1 = 2*y - w. What are the prime factors of d(y)?
2, 3
Let i = -103 - -187. List the prime factors of i.
2, 3, 7
Let v(s) = -19*s - 9. Let r be v(-6). Suppose 2*g - 21 = -3*q, -3*q + 6*q = 5*g - r. List the prime factors of g.
2, 3
Let x(i) = i**3 + 9*i**2 - 11*i - 3. What are the prime factors of x(-10)?
7
Let x(p) = 2*p + 9. Let n be 60/(-8)*(-8)/6. What are the prime factors of x(n)?
29
Suppose 2*z = -5*v - 35 + 84, 4*z = 5*v + 143. Suppose -z = -o - 5*s, 4*o - 23 = -2*s + 15. What are the prime factors of o?
7
Suppose -3*x - 44 = -4*j, 0 = 3*j + 4*x - 15 + 7. Let m = j + 9. List the prime factors of m.
17
Suppose 0 = 4*z - 4*c - 40, -5*c + 0*c = 3*z - 54. List the prime factors of z.
13
Let s(v) = -v**2 + 7*v - 6. Let y be s(7). Let f = 8 + y. List the prime factors of (80/25)/(f/5).
2
Let x = 115 + -73. Let i = x + -21. Let z = i - 8. What are the prime factors of z?
13
Let i(l) = -l**3 + 8*l**2 - 8*l + 6. Let n = 24 + -18. What are the prime factors of i(n)?
2, 3, 5
Let p(x) = -21*x + 20. What are the prime factors of p(-7)?
167
Let g be 904/10 - (-6)/(-15). Suppose -2*z + g = 2*a, 5*z - 4 = 6. What are the prime factors of a?
43
What are the prime factors of 942/24 - (-2)/(-8)?
3, 13
Suppose 2*f - 106 = 3*r, -3*r + 46 = 2*f - 72. What are the prime factors of f?
2, 7
Let v(x) = -x**3 + 6*x**2 - 7*x - 2. Let s be v(5). What are the prime factors of (s/(-5))/((-9)/(-30))?
2
Let j(l) = 4*l - 6. Let q(b) = b - 1. Let s(v) = j(v) - 3*q(v). Let f be -1 + 4 - -8 - 4. List the prime factors of s(f).
2
Let q be 16/(1/(-1 + 2)). Suppose 0 = 4*p - 2*w - q, 2*p + 0*p - 12 = 2*w. List the prime factors of p.
2
Suppose -5*c + 3*v = -69, -4*c + 5*v = -71 + 8. Let t = -19 - -13. Let b = t + c. List the prime factors of b.
2, 3
Let w = 23 + -16. Let v(z) = -z + 7. Let y be v(w). Suppose y*p - 12 = -p. List the prime factors of p.
2, 3
Suppose 0 = -5*x + m + 420, 5*x + 2*m - 4*m = 415. Let a = x + -49. What are the prime factors of a?
2, 3
Suppose -8*p + 6*p + 6 = 0. List the prime factors of p.
3
Let z = -64 + 89. Suppose -z = 2*t - 7*t. List the prime factors of t.
5
Let p(r) = 11*r**3 - 2*r + 1. Let b(s) = s**2 - 6*s - 3. Let h be b(7). Suppose -h*l - 22 = -2*q, -19 = -0*q + q + 4*l. List the prime factors of p(q).
2, 5
Suppose -5 + 25 = 5*l. Let o = 9 - l. Suppose 5*h - o*n + 4*n = 120, 5*h - 135 = 4*n. What are the prime factors of h?
23
Suppose -5*h = -0*h + 30. Suppose -k + 21 = -0*k. Let w = k + h. List the prime factors of w.
3, 5
Suppose 3*b + 38 = -4*l + 520, 0 = 4*l - 20. What are the prime factors of b?
2, 7, 11
Let r(x) = -89*x - 12. What are the prime factors of r(-2)?
2, 83
Suppose 5*p - 5*v = 5, -3*p + 2*v + 5 = -0. Suppose -3*z + 5*w + 1 + 13 = 0, p*w = -3*z + 6. What are the prime factors of z?
3
Let t be -4*(-2 - 14/8). Let w be 276/t + (-2)/5. Let r = w + -12. List the prime factors of r.
2, 3
Suppose -6*w = -3*w - 6. Suppose w*i = 3*g + 2*g + 24, -2*g = -8. Suppose 5*v - d = -6 + i, -2*v - d = -5. What are the prime factors of v?
3
Suppose 0 = -3*d + 26 - 2. What are the prime factors of d/32 + 11/4?
3
Let k(x) be the second derivative of x**5/20 - x**4/2 - x**3/6 - 9*x**2/2 + 3*x. What are the prime factors of k(7)?
3, 11
Let m(f) = f**3 + 2*f**2 - 4*f - 5. Let z be m(-2). Suppose l - 163 = -z*l - 3*i, 156 = 4*l - 4*i. List the prime factors of l.
2, 5
Let t be (4/(-6))/((-4)/12). Suppose -o + 56 = 3*k + 15, k - o = 15. Let n = t + k. List the prime factors of n.
2
Let x = 347 + -86. List the prime factors of x.
3, 29
Let i = 59 - -51. Suppose -5*n + 4*s = -110, -s + i = 5*n - 6*s. What are the prime factors of n?
2, 11
Let m = -5 + 0. Let p(x) = x**2 + 3*x + 1. Let k be p(m). Let s = k - 2. What are the prime factors of s?
3
Let v(d) = -2*d**3 - 7*d**2 - 6*d - 2. Let a be v(-4). Let w = a + -7. What are the prime factors of w?
31
Let c(m) = 5*m**2 - 17*m + 7. What are the prime factors of c(7)?
7, 19
Let t = -11 + 13. Let a = 30 - t. List the prime factors of a.
2, 7
Let k(c) = 4*c**3 - c**2. Let j be k(1). Let h be -3 + j + 2 + 1. List the prime factors of h/(-12) + (-39)/(-12).
3
Let z(p) = -p + 4. Let k(v) = -2*v + 9. Let g(q) = 3*k(q) - 7*z(q). Let m be g(6). Suppose -5*w + 23 = -5*n + 3, -2*w - m*n = -1. List the prime factors of w.
3
Let f(z) = z**3 + 4*z**2 - 3*z - 4. Let q be f(-5). Let l(o) = o - 24. Let b be l(0). Let h = q - b. List the prime factors of h.
2, 5
List the prime factors of (-22)/(-55) + 43/5.
3
Let l = 88 - -5. List the prime factors of l.
3, 31
Suppose -j + b = 4, -3*j + 2*j + 4*b - 10 = 0. List the prime factors of (-102)/4*j/3.
17
Let f = 14 + -5. Let m = f - -4. What are the prime factors of m?
13
Suppose -3*b - i - 31 = i, 2 = -b + i. Let n(t) = -3 + 8*t**2 + 7*t - 2 - 2*t + t**3. What are the prime factors of n(b)?
3
Let a(o) = 6*o**2 + 14*o - 3. What are the prime factors of a(3)?
3, 31
Let i = 118 - -7. What are the prime factors of i?
5
Let l(y) = -7*y - 4. Let z be l(7). Let u = z + 81. What are the prime factors of u?
2, 7
Suppose -4*r + k - 3 - 3 = 0, 0 = -2*r - 2*k - 8. Let c = r - -5. List the prime factors of c.
3
Let i(p) be the first derivative of -p**4/4 - p**3/3 + p**2 - 4*p - 1. What are the prime factors of i(-3)?
2
Suppose -3 = -3*t, -5*b - 2*t = t + 2. Let i be b + 4 + 0 - 2. Let s = 3 - i. List the prime factors of s.
2
Let i(h) = 3*h + 1. Let v = 10 - 18. Let k be v/(-5)*15/6. What are the prime factors of i(k)?
13
Suppose -2*m = 2*o - 8, m - 2*o = -6*o + 7. Suppose 0 = u - m*u + 8. List the prime factors of 1*(u/1 - 2).
2
Let x(q) = -27*q**3 - q**2 + 2*q. Let d be x(-2). Suppose -d = a + 3*a. What are the prime factors of 12/18 - a/3?
2, 3
Suppose 13*c - 104 = 9*c. What are the prime factors of c?
2, 13
Let c = 4 - 2. Let j be (-1 + c)/(-1) + 6. Suppose -2*h + j = -h. List the prime factors of h.
5
Let h be 34/(-9) + 4/(-18). Let g = h - -2. Let o = 12 + g. List the prime factors of o.
2, 5
Let z be 8*(21/(-6))/1. Let o be 8/z - 18/(-14). List the prime factors of 0/(o + -3) + 2.
2
Suppose 0 = 3*u + 4 - 64. Suppose -3*s + 55 = -5*y, -s - 2*y - u = -2*s. Suppose 0 = -2*d + s + 6. What are the prime factors of d?
2
Let y(v) = v**2 + 10*v - 2. What are the prime factors of y(-11)?
3
Let d be (-2 - (1 - 0))*-1. Suppose 2 = 